+ 2946. What is the thousands digit of y?
1
Let m = -81 - -86. Suppose 2*b - 792 = -m*s, 2*b - 5*b = -3*s - 1146. What is the hundreds digit of b?
3
What is the thousands digit of 12/(-150) + 1183260/125 + -3?
9
Let o be -1 + (-3)/(1 + -4) - -2. Suppose 4*a + u = 13, -5*u = 2*a - 13 + o. Suppose 12 = a*g, s = -s + 4*g - 12. What is the units digit of s?
2
Let a = -127 - -1100. Suppose 25 = 4*x + r, -5*x + r + 26 = -3*r. Suppose x*c = -c + a. What is the tens digit of c?
3
Let d(j) = 14*j**3 - 8*j**2 - 24*j - 4. Let b be d(-5). What is the tens digit of (-1)/2 - b/4?
5
Let k be (-326)/(-4) + (-3)/6. Let x be -3*(-3786)/k + 2/(-9). Let z = x - 72. What is the tens digit of z?
6
Suppose 10 - 19 = -z. Suppose -10*w + 16 = -z*w. Suppose 2*p - w = 34. What is the units digit of p?
5
Suppose -5*b + 5*x - 5 = 0, x + 6 = -4*b + 6*x. Let c be b*155/(-5) + -3. What is the units digit of (-4 - -7)/(-3)*c?
4
Let m = 608 - 414. Suppose 192*u - m*u = -1994. What is the tens digit of u?
9
Suppose -3*h + 6300 = -2*q, 3*h - 8323 = -4*q - 2005. What is the hundreds digit of h?
1
Let m(h) = -27*h - 3. Let x be m(-1). Suppose 2*d + 12 = 5*b, -4 = d + 4*b - x. Suppose -146 = -3*w + d*u, 5*u = -2*w + 2*u + 103. What is the tens digit of w?
5
Let y be 724*3/9*(4 - 1). Let g = 1623 - y. What is the units digit of g?
9
Let f be (-9)/(-2) - 5 - (-694)/4. Let m = 134 + f. What is the tens digit of m?
0
Let v be (-10)/15*(-16 + -2). Suppose 0 = 5*o - 2*o - v, 5*l + o = -1956. Let f = -221 - l. What is the hundreds digit of f?
1
Suppose -6*a = 7*a + 169. Let d(s) = s**2 - 11*s + 58. What is the units digit of d(a)?
0
Let m be 16/88 + (-12)/66. Suppose -b = -2*a + 3806, m = -9*a + 6*a - 3*b + 5718. What is the units digit of a?
4
Let k be 3/(-6)*-10 + 44/2. Suppose 37*v = k*v + 6870. What is the units digit of v?
7
Suppose -9 + 5 = m + 3*j, -j = 3. Suppose -m*w + w + 2292 = -5*y, 20 = 5*y. What is the tens digit of w?
7
Let c be (5 + -7)*9/(-2) + 4. Suppose i + 4*i = -5*w + 75, 3*w - 5*i - c = 0. What is the units digit of w?
1
Let t = -37971 + 65435. What is the thousands digit of t?
7
Let s(u) = -u**3 + 109*u**2 - 79*u + 28. What is the thousands digit of s(24)?
7
What is the thousands digit of -5 + (-1947)/((-29)/(-5) + -6)?
9
Let l = -1517 + 696. Let z = -488 - l. What is the hundreds digit of z?
3
Let x(g) = 5*g**2 + 2*g + 1. Let h be x(5). Let l be 1*h - (-6 - -9). Let y = l - 51. What is the tens digit of y?
8
Suppose -25 = -5*b + 3*y - 7*y, 5*y = 0. Suppose -138 = -5*g - b*h - 488, -5*g - 2*h - 353 = 0. Let q = -34 - g. What is the units digit of q?
7
Let b(u) = 12*u - 14*u**3 + 15 + 27*u**2 + 38*u**3 - 22*u**3. What is the hundreds digit of b(-7)?
5
Let d = 149 + -147. Suppose -14*r = -d*r - 6828. What is the units digit of r?
9
Let p(q) = -6652*q**2 + 8*q + 3. Let z be p(-1). What is the tens digit of z/(-35) + 2 + 44/(-20)?
9
Let h(g) = 2*g + 14. Let q be h(-4). Let n be q/4*(20/15 - 2). What is the units digit of n/(-2) + (-749)/(-14)?
4
Suppose 0 = -4*k - 0 + 8, -5*b - 2*k = -204. Let o = b - 42. Let a(d) = -95*d - 2. What is the units digit of a(o)?
8
Let j = -18 + 20. Suppose w - 4*z - 41 = -0*w, -w + j*z + 37 = 0. Suppose -5*n + 27 = -w. What is the tens digit of n?
1
Suppose 6*g = -11*g + 7*g + 572670. What is the ten thousands digit of g?
5
Suppose -5*b = 3*g + 15915, 3*g + 12715 = -4*b + 4*g. Let j be (-2)/7 + b/(-105). Let c = j + -17. What is the units digit of c?
3
Let l = -109937 - -163090. What is the hundreds digit of l?
1
Suppose 10*t + 34*t - 5052728 = -1337544. What is the units digit of t?
6
Let m(u) = -52*u + 1901. What is the hundreds digit of m(0)?
9
Let b(p) = -p**2 + 112*p - 1396. What is the thousands digit of b(52)?
1
Let z = -489 - -490. Let h(w) = -w + 1274. Let f be h(0). What is the units digit of (f/13)/(2/z)?
9
Let s = 74557 + -44438. What is the thousands digit of s?
0
Suppose 4*c + 2151 = 18579. What is the hundreds digit of c?
1
Suppose 83*r - 51675 = 204190 + 72317. What is the thousands digit of r?
3
Let g(n) be the second derivative of n**5/20 - 7*n**4/12 + 13*n**3/6 + 4*n**2 + 40*n. What is the units digit of g(4)?
2
Suppose 0 = 5*s - 2*g - 29007, -s - 860*g + 856*g = -5797. What is the hundreds digit of s?
8
Let i(b) = -671*b - 2884. What is the units digit of i(-5)?
1
Let m = 580 - 652. What is the hundreds digit of (m/14)/(((-16)/126)/4)?
1
Let t(x) = -133*x + 1210. Let j be t(10). Let s(l) = 36*l**3 + 3*l**2 - 4*l + 2. Let h be s(2). Let o = h + j. What is the tens digit of o?
7
Suppose 142*u - 132*u = 0. Let m be 3 - -42 - 0/3. Suppose u = 3*v + m - 453. What is the hundreds digit of v?
1
Let c(h) = 96*h + 2644. What is the units digit of c(25)?
4
Let r(w) = -3*w + 32. Let v be r(10). Let i(f) = -f**2 + 3*f. What is the units digit of i(v)?
2
Let h(k) = 2*k**3 + 9*k**2 + 6*k + 10. Let i be h(-4). What is the units digit of -15*83*i/(-5)?
8
Let c(y) = 8*y**2 - 6*y - 7*y + 5 + y**3 + 5*y - 5*y. Let u be 6*((-14)/6 - -1). What is the hundreds digit of c(u)?
1
Let h(n) = -1194*n + 1088. What is the units digit of h(-4)?
4
Suppose 4*t + y = -0*y + 239, 0 = 2*t - 5*y - 125. Let b be ((-2)/(-6))/((-4)/(1*t)). What is the units digit of (b - (-34)/6)*3*55?
0
Let c be (19/7 + -1)/(60/35490). Let i = 1466 - c. Suppose -m + i = m - 2*p, -3*m + 638 = 5*p. What is the hundreds digit of m?
2
Let j(d) = -10*d**3 - 23*d**2 + 50*d - 259. What is the tens digit of j(-18)?
0
Let c = 1366 + 2655. What is the thousands digit of c?
4
Suppose 15 - 2836 = -13*t. Let v = t + -187. What is the units digit of v?
0
Suppose 2 = 2*t, 3*v = 2*t + 18 - 56. What is the hundreds digit of 1974/v*40/(-14)?
4
Let p = 66 + -61. Let c be ((-366)/(-12) - p)*-2. Let o = 148 + c. What is the tens digit of o?
9
Suppose -2*n = -0*d - 3*d + 2, -5*n = 5. Suppose g - 8*c + 7*c = 835, d = 5*g + 5*c - 4155. What is the tens digit of g?
3
Let o = 29 - 18. Let h(g) be the third derivative of 5*g**4/24 + 13*g**3/3 - 761*g**2. What is the tens digit of h(o)?
8
Suppose 15256 = 2*i + 5066. What is the hundreds digit of i?
0
Suppose 9*m = 31*m - 66. Suppose 0 = 3*g - m*h - 822, -4*g + 6*h - 3*h = -1100. What is the hundreds digit of g?
2
Let k(z) = 5*z + 86. Let m be k(-16). What is the hundreds digit of 1802/m + 32/(-96)?
3
Let z(l) = -962*l + 956. What is the units digit of z(-5)?
6
Let h(u) = 17*u**2 - 4*u + 2. Let n be h(1). Suppose -5*r + n = -5*f, -r - 6 + 24 = -4*f. Let a(t) = -33*t - 7. What is the hundreds digit of a(f)?
1
Suppose 170 = 99*c - 94*c. Suppose -z + c = -140. What is the units digit of z?
4
Suppose 4*y + 10 = -18. What is the hundreds digit of 3/y + (-16400)/(-112)?
1
Let y = 83634 - 21420. What is the ten thousands digit of y?
6
Let k = -24189 + 74565. What is the hundreds digit of k?
3
Let j(d) = d**3 + 16*d**2 + 12*d - 5. Let n be j(-15). Let s be ((-2)/4 + 2)*n/12. Suppose 0 = -5*c + 20, -494 = -s*o + 3*c + c. What is the tens digit of o?
0
Let u(i) = -17*i**3 + 13*i**2 + 61*i + 498. What is the thousands digit of u(-7)?
6
Let u(r) = r**2 - 46*r - 93. Let y be u(-46). Suppose 5*x + 0*x = -k + 4147, 5*x - 3*k = y. What is the hundreds digit of x?
8
Let w(o) = -o**2. Let g(h) = 4*h**2 - 13*h + 16. Let i(u) = g(u) + 3*w(u). Let b be i(12). What is the tens digit of (b/3)/((-5)/(-135))?
3
What is the units digit of ((-55883)/5)/(-1) + 110/275?
7
Suppose 13*w = 10*w + 558. Let u = 414 - w. What is the units digit of u?
8
Let l be ((-1663 - -12) + 11)*(-10)/8. Suppose -l - 1244 = -6*o. What is the hundreds digit of o?
5
Suppose -6 = -2*w, 1319*m - 1321*m - 5*w + 72683 = 0. What is the tens digit of m?
3
Let s(w) = 81*w**2 - w + 1. Let h = 71 + -65. Suppose 3*m + 3 - h = 0. What is the tens digit of s(m)?
8
What is the tens digit of 10/(-10) - -4 - -17283?
8
Let d = 4950 - 2551. What is the tens digit of d?
9
Suppose 0 = 5*w - x + 144, 24 = 4*x + 8. Let q = 42 + w. Let j(y) = y**2 - 9*y - 7. What is the tens digit of j(q)?
6
Let k(b) = -157*b**3 + 11*b**2 + 45*b - 63. What is the tens digit of k(-7)?
1
Suppose h + 5*w = -869 + 4698, -15297 = -4*h - w. What is the tens digit of h?
2
Let j be (-1)/((6/12)/(-1)). Suppose -4*t - 542 = -3*w - 1873, 0 = t + j*w - 330. What is the tens digit of t?
3
Let j(d) = -4*d**3 + 2*d**2 - 10*d - 20. Suppose -2*y - 2*s 